{"id":28,"date":"2018-10-18T07:43:56","date_gmt":"2018-10-18T12:43:56","guid":{"rendered":"https:\/\/cloudcanada.net\/?page_id=28"},"modified":"2020-02-03T10:02:40","modified_gmt":"2020-02-03T15:02:40","slug":"accueil","status":"publish","type":"page","link":"https:\/\/cloudcanada.net\/","title":{"rendered":""},"content":{"rendered":"<h1><strong>Services informatiques pour votre entreprise !<\/strong><\/h1>\n<p><strong>Quel est votre projet ?<\/strong><\/p>\n<p><img decoding=\"async\" loading=\"lazy\" class=\"wp-image-114 size-medium alignright\" src=\"https:\/\/cloudcanada.net\/wp-content\/uploads\/2018\/11\/gears-300x195.png\" alt=\"\" width=\"300\" height=\"195\" srcset=\"https:\/\/cloudcanada.net\/wp-content\/uploads\/2018\/11\/gears-300x195.png 300w, https:\/\/cloudcanada.net\/wp-content\/uploads\/2018\/11\/gears.png 612w\" sizes=\"(max-width: 300px) 100vw, 300px\" \/><\/p>\n<ul>\n<li>Croissance ou nouvelle PME<\/li>\n<li>S\u00e9curisation de vos donn\u00e9es<\/li>\n<li>Expansion Qu\u00e9bec et Floride !<\/li>\n<li>Renouvellement de votre infrastructure<\/li>\n<li>Migration de courriel<\/li>\n<li>Nouvelles directions technologiques<\/li>\n<li>Solutions Cloud adapt\u00e9s\u00a0\u00e0 vos besoins<\/li>\n<\/ul>\n<p><strong>Quel est votre probl\u00e9matique ?<\/strong><\/p>\n<p><img decoding=\"async\" loading=\"lazy\" class=\"size-medium wp-image-116 alignright\" src=\"https:\/\/cloudcanada.net\/wp-content\/uploads\/2018\/11\/proj-manage-carousel-edit-300x120.png\" alt=\"\" width=\"300\" height=\"120\" srcset=\"https:\/\/cloudcanada.net\/wp-content\/uploads\/2018\/11\/proj-manage-carousel-edit-300x120.png 300w, https:\/\/cloudcanada.net\/wp-content\/uploads\/2018\/11\/proj-manage-carousel-edit-768x308.png 768w, https:\/\/cloudcanada.net\/wp-content\/uploads\/2018\/11\/proj-manage-carousel-edit.png 1024w\" sizes=\"(max-width: 300px) 100vw, 300px\" \/><\/p>\n<ul>\n<li>Virus ou logiciel espion<\/li>\n<li>Poste qui g\u00e8le ou ralentit<\/li>\n<li>Connection Internet ou r\u00e9seau lent<\/li>\n<li>Restauration de sauvegarde<\/li>\n<li>Besoin d&rsquo;un site de rel\u00e8ve<\/li>\n<\/ul>\n<p><strong>Expertise Office 365 et produits Microsoft Azure !<\/strong><\/p>\n<ul>\n<li>Migration tout syst\u00e8mes<img decoding=\"async\" loading=\"lazy\" class=\"alignright wp-image-159 size-medium\" src=\"https:\/\/cloudcanada.net\/wp-content\/uploads\/2018\/11\/o365azure-300x83.png\" alt=\"\" width=\"300\" height=\"83\" srcset=\"https:\/\/cloudcanada.net\/wp-content\/uploads\/2018\/11\/o365azure-300x83.png 300w, https:\/\/cloudcanada.net\/wp-content\/uploads\/2018\/11\/o365azure.png 302w\" sizes=\"(max-width: 300px) 100vw, 300px\" \/><\/li>\n<li>Tous les avantages Azure Active Directory<\/li>\n<li>Sites de rel\u00e8ve fiable<\/li>\n<li>Id\u00e9ale pour toutes les entreprises en expansion<\/li>\n<\/ul>\n<p><strong>Support \u00e0 distance avec AnyDesk<\/strong><\/p>\n<p><a style=\"color: #000000;\" href=\"https:\/\/anydesk.fr\/download\"><img decoding=\"async\" loading=\"lazy\" class=\"wp-image-94 alignnone\" src=\"https:\/\/cloudcanada.net\/wp-content\/uploads\/2018\/10\/59cec9e626a55_AnyDesk-1-.png\" alt=\"\" width=\"66\" height=\"52\" \/><\/a><\/p>\n<p><span style=\"color: #999999;\">\u00a9 2018 Services informatique Normand Houde. &#8211; Tous droits r\u00e9serv\u00e9s<\/span><\/p>\n","protected":false},"excerpt":{"rendered":"<p>Services informatiques pour votre entreprise ! Quel est votre projet ? Croissance ou nouvelle PME S\u00e9curisation de vos donn\u00e9es Expansion Qu\u00e9bec et Floride ! Renouvellement de votre infrastructure Migration de courriel Nouvelles directions technologiques Solutions Cloud adapt\u00e9s\u00a0\u00e0 vos besoins Quel est votre probl\u00e9matique ? Virus ou logiciel espion Poste qui g\u00e8le ou ralentit Connection Internet &hellip; <\/p>\n<p class=\"link-more\"><a href=\"https:\/\/cloudcanada.net\/\" class=\"more-link\">Continuer la lecture<span class=\"screen-reader-text\"> de &laquo;  &raquo;<\/span><\/a><\/p>\n","protected":false},"author":1,"featured_media":0,"parent":0,"menu_order":0,"comment_status":"closed","ping_status":"closed","template":"","meta":[],"_links":{"self":[{"href":"https:\/\/cloudcanada.net\/index.php\/wp-json\/wp\/v2\/pages\/28"}],"collection":[{"href":"https:\/\/cloudcanada.net\/index.php\/wp-json\/wp\/v2\/pages"}],"about":[{"href":"https:\/\/cloudcanada.net\/index.php\/wp-json\/wp\/v2\/types\/page"}],"author":[{"embeddable":true,"href":"https:\/\/cloudcanada.net\/index.php\/wp-json\/wp\/v2\/users\/1"}],"replies":[{"embeddable":true,"href":"https:\/\/cloudcanada.net\/index.php\/wp-json\/wp\/v2\/comments?post=28"}],"version-history":[{"count":48,"href":"https:\/\/cloudcanada.net\/index.php\/wp-json\/wp\/v2\/pages\/28\/revisions"}],"predecessor-version":[{"id":175,"href":"https:\/\/cloudcanada.net\/index.php\/wp-json\/wp\/v2\/pages\/28\/revisions\/175"}],"wp:attachment":[{"href":"https:\/\/cloudcanada.net\/index.php\/wp-json\/wp\/v2\/media?parent=28"}],"curies":[{"name":"wp","href":"https:\/\/api.w.org\/{rel}","templated":true}]}}